.
-28
Let g(x) = -1004*x + 16953. Determine g(17).
-115
Let r(k) = 29540*k - 295415. Determine r(10).
-15
Let j(d) = d**3 - 143*d**2 - 115*d - 3680. Calculate j(144).
496
Let m(t) = -t**3 - 81*t**2 - 3833*t + 7991. What is m(2)?
-7
Let b(x) = x**3 + 187*x**2 - 946*x + 2746. Give b(-192).
58
Let y(r) = 501*r - 51781. Determine y(103).
-178
Let h(r) = r**2 - 400424*r - 6006585. What is h(-15)?
0
Let j(h) = 3*h**3 + 32*h**2 + 110*h + 89. What is j(-2)?
-27
Let y(z) = -647*z + 36945. Determine y(57).
66
Let g(q) = -q**3 + 19*q**2 + 3. Determine g(18).
327
Let a(g) = 18942*g - 265028. Determine a(14).
160
Let n(w) = 423*w + 75285. Give n(-178).
-9
Let j(l) = 354*l - 4373. Calculate j(16).
1291
Let t(x) = -7*x**2 + 2453*x - 16853. What is t(7)?
-25
Let r(u) = -9*u**2 - 186*u + 1566. Calculate r(9).
-837
Let u(z) = -20856*z + 375402. Calculate u(18).
-6
Let b(w) = 3*w**3 - 21*w**2 + 149*w - 1540. What is b(10)?
850
Let a(g) = -736*g - 3150. Calculate a(-3).
-942
Let g(s) = -s**3 + 138*s**2 - 548*s + 750. What is g(134)?
-858
Let k(q) = -q**3 - 149*q**2 - 1189*q + 172. Determine k(-9).
-467
Let r(j) = 351*j + 12001. Calculate r(-35).
-284
Let z(c) = -7*c**2 + 231*c - 1834. Give z(13).
-14
Let x(c) = 987*c**2 + 478*c - 931. What is x(2)?
3973
Let v(w) = -62694*w - 940411. What is v(-15)?
-1
Let x(f) = -72*f - 1197. Give x(-23).
459
Let l(g) = -71*g**2 - 2251*g + 44. Give l(-32).
-628
Let n(t) = t**3 - 20*t**2 + 426*t - 10331. Calculate n(22).
9
Let i(h) = -86628*h - 2425603. Calculate i(-28).
-19
Let a(j) = -230*j + 9361. Calculate a(39).
391
Let m(t) = 4*t**3 - 9*t**2 - 189*t + 783. Calculate m(4).
139
Let y(g) = -g**3 - 182*g**2 - 371*g - 1977. Determine y(-180).
3
Let n(z) = -27*z**2 - 1692*z + 490. Determine n(-63).
-77
Let r(j) = 1358*j + 24430. Determine r(-18).
-14
Let u(d) = -3*d**2 + 80*d - 463. Calculate u(6).
-91
Let b(y) = -101778*y + 2137349. Give b(21).
11
Let z(g) = -12839*g + 539214. What is z(42)?
-24
Let g(b) = 154*b + 16659. What is g(-108)?
27
Let b(h) = -h**3 - 3870*h**2 + 27168*h - 91. Calculate b(7).
112
Let z(t) = 2*t**3 + 37*t**2 + 202*t + 185. Calculate z(-9).
-94
Let x(f) = -4592*f**2 + 344399*f + 76. Give x(75).
1
Let b(z) = z**3 + 112*z**2 + 209*z - 1538. Determine b(-110).
-328
Let q(c) = 36*c - 1382. Give q(34).
-158
Let c(b) = 92*b + 17730. What is c(-193)?
-26
Let w(n) = 3440557*n + 20643354. Give w(-6).
12
Let g(x) = -2*x**2 - 1818816*x + 20007212. Determine g(11).
-6
Let n(s) = -4827*s - 194417. What is n(-40)?
-1337
Let k(n) = n**2 - 305*n - 31072. Give k(-80).
-272
Let c(j) = 1643*j + 32287. Calculate c(-20).
-573
Let b(j) = 395*j - 4633. Calculate b(10).
-683
Let s(r) = -107*r + 11680. Give s(105).
445
Let t(w) = -38319*w + 19887560. Give t(519).
-1
Let a(k) = -34*k**3 + 209*k**2 - 45*k + 67. Determine a(6).
-23
Let s(l) = -l**3 - 5*l**2 + 108*l - 8. What is s(7)?
160
Let p(i) = 9*i**2 + 1664*i - 6638. Give p(4).
162
Let j(m) = 66*m + 3611. Calculate j(-57).
-151
Let h(p) = -6*p**3 - 246*p**2 - 168*p + 2880. Determine h(-40).
0
Let i(r) = r**2 - 88604*r - 1506546. What is i(-17)?
11
Let s(q) = 76463*q - 306075. Give s(4).
-223
Let d(i) = -268*i**3 - 2412*i**2 + i + 27. Determine d(-9).
18
Let b(t) = -14*t**3 - 310*t**2 - 47*t - 70. What is b(-22)?
-4
Let v(w) = w**3 - 414*w**2 + 30087*w - 643. Give v(94).
15
Let c(x) = -x**2 + 4798*x + 48127. Determine c(-10).
47
Let h(v) = -v**2 - 397635*v + 1590555. Determine h(4).
-1
Let l(q) = -8506*q + 84483. What is l(10)?
-577
Let j(c) = 8*c**3 + 79*c**2 - 93*c - 827. Determine j(-10).
3
Let i(t) = -186*t - 56569. Calculate i(-304).
-25
Let q(v) = 401*v - 19742. Give q(49).
-93
Let l(v) = -204*v**2 + 76*v + 87. What is l(-3)?
-1977
Let i(r) = 5*r**3 - 235*r**2 - 1026*r + 142. Calculate i(51).
-164
Let d(r) = r**2 - 1519*r - 123. Determine d(0).
-123
Let m(g) = -g**3 - g**2 - 201*g - 173. Determine m(0).
-173
Let s(a) = -4164*a**2 - 29141*a + 58. Determine s(-7).
9
Let w(n) = 131371*n - 4729372. Give w(36).
-16
Let s(o) = 920*o**3 - 11958*o**2 - 15*o + 29. What is s(13)?
172
Let b(s) = -74*s + 7691. What is b(110)?
-449
Let o(h) = -1797*h - 6508. Calculate o(-4).
680
Let b(h) = -2*h**3 + 55*h**2 + 43*h + 592. Give b(26).
3738
Let j(w) = -5*w**2 - 1215*w - 20891. Calculate j(-18).
-641
Let f(i) = -7049*i + 148014. Calculate f(21).
-15
Let r(g) = 3*g**3 - 42*g**2 - 614*g + 271. Calculate r(-9).
208
Let f(d) = 566*d**2 - 1158*d + 4. Give f(2).
-48
Let w(v) = 2*v**3 + 231*v**2 + 1902*v - 125. Calculate w(-9).
10
Let h(a) = 10*a**3 - 1688*a**2 - 335*a - 618. Determine h(169).
-111
Let a(f) = f**3 - 6*f**2 - 579*f + 5272. Give a(9).
304
Let g(q) = -48015*q + 2400709. Give g(50).
-41
Let p(x) = -13*x**2 - 225*x + 748. Give p(-20).
48
Let h(k) = 1919*k - 174624. What is h(91)?
5
Let u(x) = -4*x**3 - 3*x**2 + 56*x - 31. Calculate u(-5).
114
Let d(m) = -45*m**3 + 9*m**2 - 19*m - 166. Determine d(0).
-166
Let x(g) = -5*g**3 + 5*g**2 + 72*g + 217. Calculate x(-9).
3619
Let c(i) = i**3 + 22*i**2 + 243842*i + 5120232. Determine c(-21).
-9
Let u(k) = 15174*k - 182086. What is u(12)?
2
Let c(i) = 1915*i - 5458. Calculate c(3).
287
Let q(r) = 89*r**3 - 3737*r**2 - 36*r - 205. Give q(42).
47
Let w(q) = 30*q**2 - 2431*q + 2483. Determine w(80).
3
Let p(c) = -5*c**3 - 17*c**2 + 462*c - 105. Determine p(8).
-57
Let r(l) = 3386*l + 284463. Give r(-84).
39
Let c(v) = -938*v**2 + 120830*v + 22183. What is c(129)?
-5
Let c(t) = 4*t**3 + 101*t**2 + 60*t + 857. Give c(-25).
-18
Let s(u) = 19*u**3 + 21*u**2 - 107*u + 1. Determine s(-3).
-2
Let d(i) = -4*i**2 - 6168*i + 24728. Give d(4).
-8
Let x(v) = v**2 - 27432*v + 794695. What is x(29)?
8
Let y(x) = 26919*x - 53900. Determine y(2).
-62
Let a(y) = -y**2 - 42*y + 2372. Calculate a(-76).
-212
Let m(q) = -26*q**3 + 382*q**2 - 1261*q + 6. What is m(5)?
1
Let h(j) = -13945*j - 83693. Determine h(-6).
-23
Let s(m) = -16166*m + 16854. Give s(1).
688
Let h(i) = -3*i**2 + 136*i - 1402. Give h(18).
74
Let n(d) = 486940*d - 1947749. Calculate n(4).
11
Let t(h) = -219*h + 3051. What is t(18)?
-891
Let q(p) = -p**3 + 96*p**2 - 2298*p + 58. Calculate q(52).
-462
Let j(p) = -2*p**3 + 377*p**2 + 552*p + 3418. Calculate j(190).
-2
Let s(m) = 3*m**2 + 767*m + 15221. What is s(-21)?
437
Let p(c) = -80*c + 15032. Determine p(188).
-8
Let k(w) = -134*w**2 + 386*w - 33. What is k(4)?
-633
Let f(d) = d**3 - 20*d**2 - 1774*d - 12391. Determine f(-8).
9
Let q(k) = 12*k**2 + 517*k + 1350. Calculate q(-3).
-93
Let n(c) = -c**3 - 119*c**2 + 554*c + 7612. Calculate n(-123).
-14
Let n(s) = 30*s**2 - 6971*s + 2543. Calculate n(232).
-9
Let v(u) = 3902*u + 15974. What is v(-4)?
366
Let c(y) = 45*y + 7099. What is c(-161)?
-146
Let p(c) = -72*c + 347. Calculate p(1).
275
Let w(d) = -2*d**3 + 134*d**2 - 3471*d + 33774. Calculate w(24).
6
Let g(b) = 2*b**2 + 1603*b - 14617. Calculate g(9).
-28
Let q(d) = -277*d**2 - 14375*d + 1502. Calculate q(-52).
-6
Let g(p) = -153*p - 3061. What is g(-21)?
152
Let b(o) = 1137*o - 21819. Calculate b(21).
2058
Let w(h) = -30911*h - 432134. Calculate w(-14).
620
Let h(y) = 163316*y + 12085385. What is h(-74)?
1
Let s(q) = -2736*q - 43147. Calculate s(-17).
3365
Let v(y) = 64466*y + 1740588. Calculate v(-27).
6
Let h(c) = -2*c**3 + 992*c**2 + 4008*c - 3541. What is h(500)?
459
Let j(w) = -w**2 + 86*w - 1981. Calculate j(33).
-232
Let t(i) = 6*i**3 - 20*i**2 - 7*i + 6. What is t(5)?
221
Let j(l) = -569*l**2 + 6265*l + 31. Give j(11).
97
Let c(g) = 2233*g - 368626. What is c(165)?
-181
Let c(k) = k**3 - 2977*k - 17631. Determine c(-6).
15
Let i(g) = 158*g + 6023. Calculate i(-25).
2073
Let x(t) = 156795*t - 18. Calculate x(0).
-18
Let p(c) = 3*c**2 - 970*c + 78285. Calculate p(168).
-3
Let l(u) = 9*u**3 - 864*u**2 - 13*u + 346. What is l(96)?
-902
Let x(k) = 6*k**3 - 681*k**2 - 343*k + 246. Give x(114).
132
Let t(z) = -3*z**2 + 1804*z + 10881. Calculate t(-6).
-51
Let p(t) = 9375*t + 64583. Determine p(-7).
-1042
Let w(f) = 14*f**2 - 587*f - 9761. What is w(-16)?
3215
Let u(g) = -3*g**2 + 1110*g - 15810. What is u(15)?
165
Let g(u) = -u**2 + 28225*u + 734530. Calculate g(-26).
4
Let a(g) = 3*g**3 - 1002*g**2 - 1010*g + 1709. Calculate a(335).
34
Let u(d) = 20*d**3 - 286*d**2 + 368*d + 85. What is u(13)?
475
Let u(v) = 28*v**2 - 7506*v + 112. Calcula